{"id":29,"date":"2014-03-18T20:06:32","date_gmt":"2014-03-18T19:06:32","guid":{"rendered":"https:\/\/nhmf.se\/?page_id=29"},"modified":"2021-01-19T16:13:42","modified_gmt":"2021-01-19T15:13:42","slug":"etiska-regler","status":"publish","type":"page","link":"http:\/\/nhmf.se\/?page_id=29","title":{"rendered":"Etiska regler"},"content":{"rendered":"<p><strong>En yrkesverksam mass\u00f6r, medlem i NHMF f\u00f6rbinder sig att iaktta f\u00f6ljande etiska regler\u00a0<\/strong><\/p>\n<p>Nordiska H\u00e4stmass\u00f6rers F\u00f6rbunds etiska riktlinjer har tagits fram f\u00f6r den enskilde yrkesut\u00f6varens etiska f\u00f6rh\u00e5llningss\u00e4tt och f\u00f6r att understryka h\u00e4stmass\u00f6rens personliga ansvar f\u00f6r val och handlingar. De etiska riktlinjerna b\u00f6r utg\u00f6ra normen f\u00f6r en ansvarsk\u00e4nnande h\u00e4stmass\u00f6rs handlande och upptr\u00e4dande. Riktlinjerna bygger p\u00e5 god sed och h\u00e4vd inom yrkesk\u00e5ren. De st\u00e4ller krav p\u00e5 vetenskaplig kunskap och praktisk yrkeskompetens samt klokhet, gott omd\u00f6me och reflekterande v\u00e4rderingar. F\u00f6rbundets medlemmar f\u00f6rv\u00e4ntas f\u00f6lja de etiska riktlinjerna och ska inte medverka i s\u00e5dana sammanhang d\u00e4r dessa riktlinjer inte kan f\u00f6ljas.<br \/>\nNordiska H\u00e4stmass\u00f6rers F\u00f6rbunds etiska har reviderats per den 2019-04-23.<\/p>\n<p>H\u00e4stmass\u00f6ren ska:<\/p>\n<p><strong>Vid behandling av h\u00e4st<\/strong><\/p>\n<ul>\n<li>Endast ut\u00f6va de terapiformer som hen har relevant utbildning i<\/li>\n<li>Till\u00e4mpa vetenskap och bepr\u00f6vad erfarenhet och alltid visa omsorg om djurens h\u00e4lsa och v\u00e4lbefinnande<\/li>\n<li>Rekommendera annan behandling n\u00e4r h\u00e4sten s\u00e5 beh\u00f6ver, t.ex. veterin\u00e4rv\u00e5rd<\/li>\n<li>Anlita eller h\u00e4nvisa till annan sakkunnig n\u00e4r det finns begr\u00e4nsningar i den egna yrkeskompetensen<\/li>\n<li>Ska endast utf\u00f6ra de unders\u00f6kningar och behandlingar som kan anses ber\u00e4ttigade<\/li>\n<li>Journalf\u00f6ring rekommenderas, speciellt i samarbete med andra behandlande yrkesgrupper<\/li>\n<li>I samband med behandling f\u00f6lja g\u00e4llande doping- och karensregler samt informera h\u00e4st\u00e4gare\/tr\u00e4nare om desamma<\/li>\n<li>Vidta \u00e5tg\u00e4rder s\u00e5 att smitta inte f\u00f6rs mellan h\u00e4star och stall<\/li>\n<\/ul>\n<p><strong>I sin verksamhet<\/strong><\/p>\n<ul>\n<li>St\u00e4ndigt uppr\u00e4tth\u00e5lla och \u00f6ka sina kunskaper samt f\u00f6lja den vetenskapliga och praktiska utvecklingen inom sina verksamhetsomr\u00e5den<\/li>\n<li>Inte s\u00e4rbehandla klienter beroende p\u00e5 bakgrund, disciplin eller ras<\/li>\n<li>Ska visa sina klienter h\u00e4nsyn och ge korrekt och saklig information, samt upptr\u00e4da p\u00e5 ett f\u00f6red\u00f6mligt professionellt och korrekt s\u00e4tt<\/li>\n<li>Iaktta tystnadsplikt och vinnl\u00e4gga sig om att inte f\u00f6ra f\u00f6rtrolig information vidare<\/li>\n<li>Respektera andra yrkesgruppers speciella kompetens och verka f\u00f6r ett gott samarbete med dessa och inte uttala sig neds\u00e4ttande om andra.<\/li>\n<li>Vara insatt i de lagar och avtal som ber\u00f6r verksamheten, god f\u00f6retagssed och priss\u00e4ttning samt korrekt och saklig marknadsf\u00f6ring av tj\u00e4nster<\/li>\n<\/ul>\n<p>&nbsp;<\/p>\n","protected":false},"excerpt":{"rendered":"<p>En yrkesverksam mass\u00f6r, medlem i NHMF f\u00f6rbinder sig att iaktta f\u00f6ljande etiska regler\u00a0 Nordiska H\u00e4stmass\u00f6rers F\u00f6rbunds etiska riktlinjer har tagits fram f\u00f6r den enskilde yrkesut\u00f6varens etiska f\u00f6rh\u00e5llningss\u00e4tt och f\u00f6r att understryka h\u00e4stmass\u00f6rens personliga ansvar f\u00f6r val och handlingar. De etiska riktlinjerna b\u00f6r utg\u00f6ra normen f\u00f6r en ansvarsk\u00e4nnande h\u00e4stmass\u00f6rs handlande och upptr\u00e4dande. Riktlinjerna bygger p\u00e5 god&hellip; <a class=\"more-link\" href=\"http:\/\/nhmf.se\/?page_id=29\">Read More <span class=\"screen-reader-text\">Etiska regler<\/span><\/a><\/p>\n","protected":false},"author":1,"featured_media":0,"parent":48,"menu_order":3,"comment_status":"closed","ping_status":"closed","template":"","meta":{"footnotes":""},"class_list":["post-29","page","type-page","status-publish","hentry"],"_links":{"self":[{"href":"http:\/\/nhmf.se\/index.php?rest_route=\/wp\/v2\/pages\/29","targetHints":{"allow":["GET"]}}],"collection":[{"href":"http:\/\/nhmf.se\/index.php?rest_route=\/wp\/v2\/pages"}],"about":[{"href":"http:\/\/nhmf.se\/index.php?rest_route=\/wp\/v2\/types\/page"}],"author":[{"embeddable":true,"href":"http:\/\/nhmf.se\/index.php?rest_route=\/wp\/v2\/users\/1"}],"replies":[{"embeddable":true,"href":"http:\/\/nhmf.se\/index.php?rest_route=%2Fwp%2Fv2%2Fcomments&post=29"}],"version-history":[{"count":7,"href":"http:\/\/nhmf.se\/index.php?rest_route=\/wp\/v2\/pages\/29\/revisions"}],"predecessor-version":[{"id":637,"href":"http:\/\/nhmf.se\/index.php?rest_route=\/wp\/v2\/pages\/29\/revisions\/637"}],"up":[{"embeddable":true,"href":"http:\/\/nhmf.se\/index.php?rest_route=\/wp\/v2\/pages\/48"}],"wp:attachment":[{"href":"http:\/\/nhmf.se\/index.php?rest_route=%2Fwp%2Fv2%2Fmedia&parent=29"}],"curies":[{"name":"wp","href":"https:\/\/api.w.org\/{rel}","templated":true}]}}