{"id":370,"date":"2016-08-23T22:04:48","date_gmt":"2016-08-23T20:04:48","guid":{"rendered":"https:\/\/nhmf.se\/?page_id=370"},"modified":"2025-09-20T14:17:09","modified_gmt":"2025-09-20T12:17:09","slug":"faq","status":"publish","type":"page","link":"http:\/\/nhmf.se\/?page_id=370","title":{"rendered":"F\u00f6rs\u00e4kring"},"content":{"rendered":"<p><strong>F\u00f6rs\u00e4kring f\u00f6r fullbetalande medlemmar<\/strong><\/p>\n<p>NHMF \u00e4r f\u00f6rs\u00e4krade via\u00a0<strong>IF<\/strong>\u00a0som ideell, icke vinstdrivande f\u00f6rening. Som\u00a0<strong>fullmedlem<\/strong>\u00a0\u00e4r du f\u00f6rs\u00e4krad b\u00e5de i arbete och p\u00e5 fritid.<\/p>\n<p><strong>F\u00f6rs\u00e4kringen t\u00e4cker:<\/strong><\/p>\n<ul>\n<li>Medicinsk och ekonomisk invaliditet vid olycksfall<\/li>\n<li>D\u00f6dsfall<\/li>\n<li>Merkostnader<\/li>\n<li>L\u00e4ke-, rese- och tandv\u00e5rdskostnader<\/li>\n<li>Rehabilitering och hj\u00e4lpmedel<\/li>\n<li>Kristerapi<\/li>\n<li>R\u00e4ttsskydd vid tvistem\u00e5l och skattem\u00e5l (t.ex. vid felbehandling)<\/li>\n<\/ul>\n<p><strong>Behandlingar som omfattas:<\/strong><\/p>\n<ul>\n<li><strong>P\u00e5 h\u00e4st:<\/strong>\u00a0massage, djupv\u00e5g, laser och akupunktur<\/li>\n<li><strong>P\u00e5 m\u00e4nniska:<\/strong>\u00a0massagebehandling<\/li>\n<\/ul>\n<p>Behandlingsskadef\u00f6rs\u00e4kring f\u00f6r m\u00e4nniskor kan\u00a0<strong>l\u00e4ggas till separat<\/strong>\u00a0via IF (NHMF administrerar inte detta).<\/p>\n<p><strong>Viktigt att veta:<\/strong><\/p>\n<ul>\n<li>Skador ska\u00a0<strong>anm\u00e4las till NHMF:s styrelse<\/strong>, inte direkt till IF<\/li>\n<li>F\u00f6rs\u00e4kringsdokument finns i Facebookgruppen\u00a0<em>NHMF Medlemmar<\/em>\u00a0under \u201cFiler\u201d eller kan beg\u00e4ras fr\u00e5n styrelsen<\/li>\n<\/ul>\n","protected":false},"excerpt":{"rendered":"<p>F\u00f6rs\u00e4kring f\u00f6r fullbetalande medlemmar NHMF \u00e4r f\u00f6rs\u00e4krade via\u00a0IF\u00a0som ideell, icke vinstdrivande f\u00f6rening. Som\u00a0fullmedlem\u00a0\u00e4r du f\u00f6rs\u00e4krad b\u00e5de i arbete och p\u00e5 fritid. F\u00f6rs\u00e4kringen t\u00e4cker: Medicinsk och ekonomisk invaliditet vid olycksfall D\u00f6dsfall Merkostnader L\u00e4ke-, rese- och tandv\u00e5rdskostnader Rehabilitering och hj\u00e4lpmedel Kristerapi R\u00e4ttsskydd vid tvistem\u00e5l och skattem\u00e5l (t.ex. vid felbehandling) Behandlingar som omfattas: P\u00e5 h\u00e4st:\u00a0massage, djupv\u00e5g, laser och&hellip; <a class=\"more-link\" href=\"http:\/\/nhmf.se\/?page_id=370\">Read More <span class=\"screen-reader-text\">F\u00f6rs\u00e4kring<\/span><\/a><\/p>\n","protected":false},"author":1,"featured_media":0,"parent":48,"menu_order":0,"comment_status":"closed","ping_status":"closed","template":"","meta":{"footnotes":""},"class_list":["post-370","page","type-page","status-publish","hentry"],"_links":{"self":[{"href":"http:\/\/nhmf.se\/index.php?rest_route=\/wp\/v2\/pages\/370","targetHints":{"allow":["GET"]}}],"collection":[{"href":"http:\/\/nhmf.se\/index.php?rest_route=\/wp\/v2\/pages"}],"about":[{"href":"http:\/\/nhmf.se\/index.php?rest_route=\/wp\/v2\/types\/page"}],"author":[{"embeddable":true,"href":"http:\/\/nhmf.se\/index.php?rest_route=\/wp\/v2\/users\/1"}],"replies":[{"embeddable":true,"href":"http:\/\/nhmf.se\/index.php?rest_route=%2Fwp%2Fv2%2Fcomments&post=370"}],"version-history":[{"count":23,"href":"http:\/\/nhmf.se\/index.php?rest_route=\/wp\/v2\/pages\/370\/revisions"}],"predecessor-version":[{"id":1861,"href":"http:\/\/nhmf.se\/index.php?rest_route=\/wp\/v2\/pages\/370\/revisions\/1861"}],"up":[{"embeddable":true,"href":"http:\/\/nhmf.se\/index.php?rest_route=\/wp\/v2\/pages\/48"}],"wp:attachment":[{"href":"http:\/\/nhmf.se\/index.php?rest_route=%2Fwp%2Fv2%2Fmedia&parent=370"}],"curies":[{"name":"wp","href":"https:\/\/api.w.org\/{rel}","templated":true}]}}