{"id":2,"date":"2013-08-26T11:27:15","date_gmt":"2013-08-26T11:27:15","guid":{"rendered":"https:\/\/nhmf.se\/?page_id=2"},"modified":"2025-09-20T13:35:18","modified_gmt":"2025-09-20T11:35:18","slug":"sample-page","status":"publish","type":"page","link":"https:\/\/nhmf.se\/","title":{"rendered":"NHMF Nordiska H\u00e4stmass\u00f6rers F\u00f6rbund"},"content":{"rendered":"\n<p><\/p>\n\n\n\n<h2 class=\"wp-block-heading has-text-align-center\">    Fri r\u00f6relse f\u00f6r din h\u00e4st<\/h2>\n\n\n<p><a href=\"http:\/\/nhmf.se\/wp-content\/uploads\/174878_189534891095539_5987965_n.jpg\"><img decoding=\"async\" class=\"wp-image-82 aligncenter\" src=\"http:\/\/nhmf.se\/wp-content\/uploads\/174878_189534891095539_5987965_n-150x148.jpg\" alt=\"\" width=\"135\" height=\"133\" \/><\/a><\/p>\n<p><strong>NHMF\u00a0\u00a0&#8211; Friskv\u00e5rd f\u00f6r h\u00e4st av utbildade och f\u00f6rs\u00e4krade h\u00e4stmass\u00f6rer<\/strong><\/p>\n<p>Vi \u00e4r en ideell f\u00f6rening f\u00f6r diplomerade och f\u00f6rs\u00e4krade h\u00e4stmass\u00f6rer \u2013 aktiv sedan 1998. V\u00e5rt m\u00e5l \u00e4r att g\u00f6ra h\u00e4stmassage till en sj\u00e4lvklar del av modern h\u00e4sth\u00e5llning och fr\u00e4mja f\u00f6r ett h\u00e5llbart h\u00e4stliv.<\/p>\n<p>Massage fr\u00e4mjar h\u00e4stens h\u00e4lsa:<\/p>\n<ul>\n<li>F\u00f6rebyggande friskv\u00e5rd<\/li>\n<li>Rehabilitering efter skada i samr\u00e5d med veterin\u00e4r<\/li>\n<\/ul>\n<p>V\u00e5ra medlemmar har gedigen utbildning i anatomi, fysiologi, massagetekniker och tr\u00e4ningsl\u00e4ra. Som h\u00e4st\u00e4gare f\u00e5r du trygg och professionell behandling \u2013 anpassad efter just din h\u00e4st.<\/p>\n<p>NHMF arbetar f\u00f6r att sprida kunskap om massage som komplement\u00e4r behandling.<\/p>\n<p>Hitta h\u00e4stmass\u00f6r i under fliken <a href=\"https:\/\/nhmf.se\/?page_id=424\">&#8220;Hitta din H\u00e4stmass\u00f6r&#8221;<\/a><\/p>\n<p>Vill du bli medlem? D\u00e5 \u00e4r du v\u00e4lkommen att kontakta <a href=\"linn@nhmf.se\">linn@nhmf.se<\/a><\/p>\n\n\n<p><\/p>\n","protected":false},"excerpt":{"rendered":"<p>Fri r\u00f6relse f\u00f6r din h\u00e4st NHMF\u00a0\u00a0&#8211; Friskv\u00e5rd f\u00f6r h\u00e4st av utbildade och f\u00f6rs\u00e4krade h\u00e4stmass\u00f6rer Vi \u00e4r en ideell f\u00f6rening f\u00f6r diplomerade och f\u00f6rs\u00e4krade h\u00e4stmass\u00f6rer \u2013 aktiv sedan 1998. V\u00e5rt m\u00e5l \u00e4r att g\u00f6ra h\u00e4stmassage till en sj\u00e4lvklar del av modern h\u00e4sth\u00e5llning och fr\u00e4mja f\u00f6r ett h\u00e5llbart h\u00e4stliv. Massage fr\u00e4mjar h\u00e4stens h\u00e4lsa: F\u00f6rebyggande friskv\u00e5rd Rehabilitering efter&hellip; <a class=\"more-link\" href=\"https:\/\/nhmf.se\/\">Read More <span class=\"screen-reader-text\">NHMF Nordiska H\u00e4stmass\u00f6rers F\u00f6rbund<\/span><\/a><\/p>\n","protected":false},"author":1,"featured_media":0,"parent":63,"menu_order":1,"comment_status":"closed","ping_status":"closed","template":"","meta":{"footnotes":""},"class_list":["post-2","page","type-page","status-publish","hentry"],"_links":{"self":[{"href":"https:\/\/nhmf.se\/index.php?rest_route=\/wp\/v2\/pages\/2","targetHints":{"allow":["GET"]}}],"collection":[{"href":"https:\/\/nhmf.se\/index.php?rest_route=\/wp\/v2\/pages"}],"about":[{"href":"https:\/\/nhmf.se\/index.php?rest_route=\/wp\/v2\/types\/page"}],"author":[{"embeddable":true,"href":"https:\/\/nhmf.se\/index.php?rest_route=\/wp\/v2\/users\/1"}],"replies":[{"embeddable":true,"href":"https:\/\/nhmf.se\/index.php?rest_route=%2Fwp%2Fv2%2Fcomments&post=2"}],"version-history":[{"count":44,"href":"https:\/\/nhmf.se\/index.php?rest_route=\/wp\/v2\/pages\/2\/revisions"}],"predecessor-version":[{"id":1851,"href":"https:\/\/nhmf.se\/index.php?rest_route=\/wp\/v2\/pages\/2\/revisions\/1851"}],"up":[{"embeddable":true,"href":"https:\/\/nhmf.se\/index.php?rest_route=\/wp\/v2\/pages\/63"}],"wp:attachment":[{"href":"https:\/\/nhmf.se\/index.php?rest_route=%2Fwp%2Fv2%2Fmedia&parent=2"}],"curies":[{"name":"wp","href":"https:\/\/api.w.org\/{rel}","templated":true}]}}