{"id":39,"date":"2014-03-18T20:25:31","date_gmt":"2014-03-18T20:25:31","guid":{"rendered":"https:\/\/nhmf.se\/?page_id=39"},"modified":"2025-09-21T07:15:29","modified_gmt":"2025-09-21T05:15:29","slug":"varfor-hastmassage","status":"publish","type":"page","link":"https:\/\/nhmf.se\/?page_id=39","title":{"rendered":"Effekter av h\u00e4stmassage"},"content":{"rendered":"<p><strong>Effekter av h\u00e4stmassage<\/strong><\/p>\n<p>Massage \u00e4r idag en naturlig del av h\u00e4sth\u00e5llning \u2013 b\u00e5de f\u00f6rebyggande och rehabiliterande. Regelbunden behandling:<\/p>\n<ul>\n<li>G\u00f6r muskler och senor smidiga<\/li>\n<li>F\u00f6rb\u00e4ttrar r\u00f6relsem\u00f6nster och kroppsuppfattning<\/li>\n<li>Minskar risken f\u00f6r skador och \u00f6veranstr\u00e4ngning<\/li>\n<li>St\u00e4rker immunf\u00f6rsvaret och fr\u00e4mjar muskelutveckling<\/li>\n<li>Ger en mer harmonisk h\u00e4st<\/li>\n<\/ul>\n<p>Vid ig\u00e5ngs\u00e4ttning efter vila eller skada kan mass\u00f6ren ge viktig feedback och uppt\u00e4cka tidiga tecken p\u00e5 problem.<\/p>\n<p>Mass\u00f6ren kan \u00e4ven bidra med tr\u00e4ningsr\u00e5d och tidig uppt\u00e4ckt av \u00f6verbelastning.<\/p>\n","protected":false},"excerpt":{"rendered":"<p>Effekter av h\u00e4stmassage Massage \u00e4r idag en naturlig del av h\u00e4sth\u00e5llning \u2013 b\u00e5de f\u00f6rebyggande och rehabiliterande. Regelbunden behandling: G\u00f6r muskler och senor smidiga F\u00f6rb\u00e4ttrar r\u00f6relsem\u00f6nster och kroppsuppfattning Minskar risken f\u00f6r skador och \u00f6veranstr\u00e4ngning St\u00e4rker immunf\u00f6rsvaret och fr\u00e4mjar muskelutveckling Ger en mer harmonisk h\u00e4st Vid ig\u00e5ngs\u00e4ttning efter vila eller skada kan mass\u00f6ren ge viktig feedback och&hellip; <a class=\"more-link\" href=\"https:\/\/nhmf.se\/?page_id=39\">Read More <span class=\"screen-reader-text\">Effekter av h\u00e4stmassage<\/span><\/a><\/p>\n","protected":false},"author":1,"featured_media":0,"parent":0,"menu_order":0,"comment_status":"closed","ping_status":"closed","template":"","meta":{"footnotes":""},"class_list":["post-39","page","type-page","status-publish","hentry"],"_links":{"self":[{"href":"https:\/\/nhmf.se\/index.php?rest_route=\/wp\/v2\/pages\/39","targetHints":{"allow":["GET"]}}],"collection":[{"href":"https:\/\/nhmf.se\/index.php?rest_route=\/wp\/v2\/pages"}],"about":[{"href":"https:\/\/nhmf.se\/index.php?rest_route=\/wp\/v2\/types\/page"}],"author":[{"embeddable":true,"href":"https:\/\/nhmf.se\/index.php?rest_route=\/wp\/v2\/users\/1"}],"replies":[{"embeddable":true,"href":"https:\/\/nhmf.se\/index.php?rest_route=%2Fwp%2Fv2%2Fcomments&post=39"}],"version-history":[{"count":17,"href":"https:\/\/nhmf.se\/index.php?rest_route=\/wp\/v2\/pages\/39\/revisions"}],"predecessor-version":[{"id":1869,"href":"https:\/\/nhmf.se\/index.php?rest_route=\/wp\/v2\/pages\/39\/revisions\/1869"}],"wp:attachment":[{"href":"https:\/\/nhmf.se\/index.php?rest_route=%2Fwp%2Fv2%2Fmedia&parent=39"}],"curies":[{"name":"wp","href":"https:\/\/api.w.org\/{rel}","templated":true}]}}